{"id":920,"date":"2020-05-10T19:07:15","date_gmt":"2020-05-10T18:07:15","guid":{"rendered":"http:\/\/www.didesta.fr\/theo\/?post_type=rara-portfolio&#038;p=920"},"modified":"2023-09-27T09:41:36","modified_gmt":"2023-09-27T08:41:36","slug":"8-images-seconde","status":"publish","type":"rara-portfolio","link":"https:\/\/theodestabeaux.com\/?rara-portfolio=8-images-seconde","title":{"rendered":"8 Images\/seconde"},"content":{"rendered":"\n<figure class=\"wp-block-embed aligncenter is-type-video is-provider-vimeo wp-block-embed-vimeo wp-embed-aspect-16-9 wp-has-aspect-ratio\"><div class=\"wp-block-embed__wrapper\">\n<div class=\"video-wrapper\"><div class=\"embed-vimeo\" style=\"text-align: center;\"><iframe loading=\"lazy\" src=\"https:\/\/player.vimeo.com\/video\/291083183\" width=\"840\" height=\"473\" frameborder=\"0\" webkitallowfullscreen mozallowfullscreen allowfullscreen><\/iframe><\/div><\/div>\n<\/div><\/figure>\n\n\n\n<p>Atelier d&rsquo;animation sur calque tout public r\u00e9alis\u00e9 au <a href=\"https:\/\/meb.u-bordeaux.fr\/\">Mus\u00e9e d&rsquo;Ethnographie de l&rsquo;Universit\u00e9 de Bordeaux<\/a> \u00e0 l&rsquo;occasion des Journ\u00e9es Europ\u00e9ennes du Patrimoine des 15 et 16 septembre 2018.<\/p>\n\n\n\n<p>L&rsquo;atelier \u00ab8 images par seconde\u00bb du <a href=\"http:\/\/collectifsapin.fr\/\">Collectif SAPIN<\/a> se propose de partir \u00e0 la d\u00e9couverte du monde de l\u2019animation, de d\u00e9composer le mouvement de l\u2019image anim\u00e9e et en comprendre l\u2019illusion. En passant \u00e0 la pratique, les participants acquerront des connaissances sur la cha\u00eene de production d\u2019un dessin anime\u0301. Se basant sur la m\u00e9thode d\u2019animation sur cellulo\u00efd, ils fa\u00e7onneront une mini s\u00e9quence anim\u00e9e, compos\u00e9e de huit dessins sur papier calque. Plus d&rsquo;informations dans la <a href=\"http:\/\/collectifsapin.fr\/wp-content\/uploads\/2020\/02\/Plaquetteatelier8is2020V2.pdf\">plaquette t\u00e9l\u00e9chargeable<\/a>, et via l&rsquo;adresse de contact <strong>ateliers@collectifsapin.fr<\/strong><\/p>\n\n\n\n<p>Je suis un des animateurs-techniciens qui dirigent l&rsquo;atelier.<\/p>\n\n\n\n<p><\/p>\n\n\n<div class=\"wp-block-image\">\n<figure class=\"aligncenter size-full\"><img decoding=\"async\" loading=\"lazy\" width=\"840\" height=\"560\" src=\"https:\/\/i0.wp.com\/www.didesta.fr\/theo\/wp-content\/uploads\/2020\/05\/Gifbaseball.gif?resize=840%2C560&#038;ssl=1\" alt=\"\" class=\"wp-image-921\" data-recalc-dims=\"1\"\/><\/figure><\/div>\n\n\n<p><\/p>\n\n\n<div class=\"wp-block-image\">\n<figure class=\"aligncenter size-full\"><img decoding=\"async\" loading=\"lazy\" width=\"840\" height=\"560\" src=\"https:\/\/i0.wp.com\/www.didesta.fr\/theo\/wp-content\/uploads\/2020\/05\/Gifoiseau.gif?resize=840%2C560&#038;ssl=1\" alt=\"\" class=\"wp-image-922\" data-recalc-dims=\"1\"\/><\/figure><\/div>","protected":false},"excerpt":{"rendered":"<p>Atelier d&rsquo;animation sur calque tout public r\u00e9alis\u00e9 au Mus\u00e9e d&rsquo;Ethnographie de l&rsquo;Universit\u00e9 de Bordeaux \u00e0 l&rsquo;occasion des Journ\u00e9es Europ\u00e9ennes du Patrimoine des 15 et 16 septembre 2018. L&rsquo;atelier \u00ab8 images par seconde\u00bb du Collectif SAPIN se propose de partir \u00e0 la d\u00e9couverte du monde de l\u2019animation, de d\u00e9composer le mouvement de l\u2019image anim\u00e9e et en&hellip;<\/p>\n","protected":false},"author":1,"featured_media":923,"template":"","rara_portfolio_categories":[34],"jetpack_sharing_enabled":true,"_links":{"self":[{"href":"https:\/\/theodestabeaux.com\/index.php?rest_route=\/wp\/v2\/rara-portfolio\/920"}],"collection":[{"href":"https:\/\/theodestabeaux.com\/index.php?rest_route=\/wp\/v2\/rara-portfolio"}],"about":[{"href":"https:\/\/theodestabeaux.com\/index.php?rest_route=\/wp\/v2\/types\/rara-portfolio"}],"author":[{"embeddable":true,"href":"https:\/\/theodestabeaux.com\/index.php?rest_route=\/wp\/v2\/users\/1"}],"wp:featuredmedia":[{"embeddable":true,"href":"https:\/\/theodestabeaux.com\/index.php?rest_route=\/wp\/v2\/media\/923"}],"wp:attachment":[{"href":"https:\/\/theodestabeaux.com\/index.php?rest_route=%2Fwp%2Fv2%2Fmedia&parent=920"}],"wp:term":[{"taxonomy":"rara_portfolio_categories","embeddable":true,"href":"https:\/\/theodestabeaux.com\/index.php?rest_route=%2Fwp%2Fv2%2Frara_portfolio_categories&post=920"}],"curies":[{"name":"wp","href":"https:\/\/api.w.org\/{rel}","templated":true}]}}

<figure class="wp-block-embed aligncenter is-type-video is-provider-vimeo wp-block-embed-vimeo wp-embed-aspect-16-9 wp-has-aspect-ratio"><div class="wp-block-embed__wrapper">
<div class="video-wrapper"><div class="embed-vimeo" style="text-align: center;"><iframe loading="lazy" src="https://player.vimeo.com/video/291083183" width="840" height="473" frameborder="0" webkitallowfullscreen mozallowfullscreen allowfullscreen></iframe></div></div>
</div></figure>



<p>Atelier d&rsquo;animation sur calque tout public réalisé au <a href="https://meb.u-bordeaux.fr/">Musée d&rsquo;Ethnographie de l&rsquo;Université de Bordeaux</a> à l&rsquo;occasion des Journées Européennes du Patrimoine des 15 et 16 septembre 2018.</p>



<p>L&rsquo;atelier «8 images par seconde» du <a href="http://collectifsapin.fr/">Collectif SAPIN</a> se propose de partir à la découverte du monde de l’animation, de décomposer le mouvement de l’image animée et en comprendre l’illusion. En passant à la pratique, les participants acquerront des connaissances sur la chaîne de production d’un dessin animé. Se basant sur la méthode d’animation sur celluloïd, ils façonneront une mini séquence animée, composée de huit dessins sur papier calque. Plus d&rsquo;informations dans la <a href="http://collectifsapin.fr/wp-content/uploads/2020/02/Plaquetteatelier8is2020V2.pdf">plaquette téléchargeable</a>, et via l&rsquo;adresse de contact <strong>ateliers@collectifsapin.fr</strong></p>



<p>Je suis un des animateurs-techniciens qui dirigent l&rsquo;atelier.</p>



<p></p>


<div class="wp-block-image">
<figure class="aligncenter size-full"><img decoding="async" loading="lazy" width="840" height="560" src="https://i0.wp.com/www.didesta.fr/theo/wp-content/uploads/2020/05/Gifbaseball.gif?resize=840%2C560&#038;ssl=1" alt="" class="wp-image-921" data-recalc-dims="1"/></figure></div>


<p></p>


<div class="wp-block-image">
<figure class="aligncenter size-full"><img decoding="async" loading="lazy" width="840" height="560" src="https://i0.wp.com/www.didesta.fr/theo/wp-content/uploads/2020/05/Gifoiseau.gif?resize=840%2C560&#038;ssl=1" alt="" class="wp-image-922" data-recalc-dims="1"/></figure></div>

<p>Atelier d&rsquo;animation sur calque tout public réalisé au Musée d&rsquo;Ethnographie de l&rsquo;Université de Bordeaux à l&rsquo;occasion des Journées Européennes du Patrimoine des 15 et 16 septembre 2018. L&rsquo;atelier «8 images par seconde» du Collectif SAPIN se propose de partir à la découverte du monde de l’animation, de décomposer le mouvement de l’image animée et en&hellip;</p>
