{"id":1107,"date":"2020-05-24T23:02:32","date_gmt":"2020-05-24T22:02:32","guid":{"rendered":"http:\/\/www.didesta.fr\/theo\/?post_type=rara-portfolio&#038;p=1107"},"modified":"2020-05-24T23:02:32","modified_gmt":"2020-05-24T22:02:32","slug":"parapluie","status":"publish","type":"rara-portfolio","link":"https:\/\/theodestabeaux.com\/?rara-portfolio=parapluie","title":{"rendered":"Parapluie"},"content":{"rendered":"\n<figure class=\"wp-block-image size-full\"><img decoding=\"async\" loading=\"lazy\" width=\"840\" height=\"752\" src=\"https:\/\/i0.wp.com\/www.didesta.fr\/theo\/wp-content\/uploads\/2020\/05\/Gif-Parapluie.gif?resize=840%2C752&#038;ssl=1\" alt=\"\" class=\"wp-image-1108\" data-recalc-dims=\"1\"\/><\/figure>\n\n\n\n<p>Revue collective r\u00e9alis\u00e9e et \u00e9dit\u00e9e en 2018 par les membres du <a href=\"http:\/\/collectifsapin.fr\/\">Collectif SAPIN<\/a> et plusieurs invit\u00e9.es. <br>J&rsquo;ai r\u00e9alis\u00e9 la couverture.<br><strong>138 Pages, Couleur<\/strong><\/p>\n\n\n\n<p>\u00c9puis\u00e9.<\/p>\n","protected":false},"excerpt":{"rendered":"<p>Revue collective r\u00e9alis\u00e9e et \u00e9dit\u00e9e en 2018 par les membres du Collectif SAPIN et plusieurs invit\u00e9.es. J&rsquo;ai r\u00e9alis\u00e9 la couverture.138 Pages, Couleur \u00c9puis\u00e9.<\/p>\n","protected":false},"author":1,"featured_media":1109,"template":"","rara_portfolio_categories":[39],"jetpack_sharing_enabled":true,"_links":{"self":[{"href":"https:\/\/theodestabeaux.com\/index.php?rest_route=\/wp\/v2\/rara-portfolio\/1107"}],"collection":[{"href":"https:\/\/theodestabeaux.com\/index.php?rest_route=\/wp\/v2\/rara-portfolio"}],"about":[{"href":"https:\/\/theodestabeaux.com\/index.php?rest_route=\/wp\/v2\/types\/rara-portfolio"}],"author":[{"embeddable":true,"href":"https:\/\/theodestabeaux.com\/index.php?rest_route=\/wp\/v2\/users\/1"}],"wp:featuredmedia":[{"embeddable":true,"href":"https:\/\/theodestabeaux.com\/index.php?rest_route=\/wp\/v2\/media\/1109"}],"wp:attachment":[{"href":"https:\/\/theodestabeaux.com\/index.php?rest_route=%2Fwp%2Fv2%2Fmedia&parent=1107"}],"wp:term":[{"taxonomy":"rara_portfolio_categories","embeddable":true,"href":"https:\/\/theodestabeaux.com\/index.php?rest_route=%2Fwp%2Fv2%2Frara_portfolio_categories&post=1107"}],"curies":[{"name":"wp","href":"https:\/\/api.w.org\/{rel}","templated":true}]}}

<figure class="wp-block-image size-full"><img decoding="async" loading="lazy" width="840" height="752" src="https://i0.wp.com/www.didesta.fr/theo/wp-content/uploads/2020/05/Gif-Parapluie.gif?resize=840%2C752&#038;ssl=1" alt="" class="wp-image-1108" data-recalc-dims="1"/></figure>



<p>Revue collective réalisée et éditée en 2018 par les membres du <a href="http://collectifsapin.fr/">Collectif SAPIN</a> et plusieurs invité.es. <br>J&rsquo;ai réalisé la couverture.<br><strong>138 Pages, Couleur</strong></p>



<p>Épuisé.</p>

<p>Revue collective réalisée et éditée en 2018 par les membres du Collectif SAPIN et plusieurs invité.es. J&rsquo;ai réalisé la couverture.138 Pages, Couleur Épuisé.</p>
