{"id":1095,"date":"2020-05-24T21:35:38","date_gmt":"2020-05-24T20:35:38","guid":{"rendered":"http:\/\/www.didesta.fr\/theo\/?post_type=rara-portfolio&#038;p=1095"},"modified":"2020-05-24T22:45:17","modified_gmt":"2020-05-24T21:45:17","slug":"plorants","status":"publish","type":"rara-portfolio","link":"https:\/\/theodestabeaux.com\/?rara-portfolio=plorants","title":{"rendered":"Plorants"},"content":{"rendered":"\n<figure class=\"wp-block-image size-full\"><img decoding=\"async\" loading=\"lazy\" width=\"840\" height=\"761\" src=\"https:\/\/i0.wp.com\/www.didesta.fr\/theo\/wp-content\/uploads\/2020\/05\/Gif-Pleurants.gif?resize=840%2C761&#038;ssl=1\" alt=\"\" class=\"wp-image-1096\" data-recalc-dims=\"1\"\/><\/figure>\n\n\n\n<p>Fanzine r\u00e9alis\u00e9 en 2019, \u00e9dit\u00e9 par le <a href=\"http:\/\/collectifsapin.fr\/\">Collectif SAPIN<\/a>. Ce fanzine est un essai sur les Pleurants des tombeaux des ducs de Bourgogne et sur le pli artistique.<br><strong>48 Pages, Noir &amp; Blanc<\/strong> <strong>sur papier cr\u00e8me<\/strong><\/p>\n\n\n\n<p>Prix de vente du livre: 4\u20ac<br>(pour vous le procurer, envoyez un mail \u00e0 <a href=\"mailto:collectif.sapin@gmail.com\">collectif.sapin@gmail.com<\/a>)<\/p>\n\n\n\n<p>Ou bien vous pouvez le t\u00e9l\u00e9charger, auquel cas merci de respecter ces conditions:<br><strong>Attribution \u2013 Pas d\u2019Utilisation Commerciale \u2013 Partage dans les M\u00eames Conditions.<\/strong><\/p>\n\n\n\n<div class=\"wp-block-file\"><a href=\"https:\/\/www.didesta.fr\/theo\/wp-content\/uploads\/2020\/05\/Mise-en-page-Pleurants-final.pdf\">PDF T\u00e9l\u00e9chargeable<\/a><a href=\"https:\/\/www.didesta.fr\/theo\/wp-content\/uploads\/2020\/05\/Mise-en-page-Pleurants-final.pdf\" class=\"wp-block-file__button\" download>T\u00e9l\u00e9charger<\/a><\/div>\n","protected":false},"excerpt":{"rendered":"<p>Fanzine r\u00e9alis\u00e9 en 2019, \u00e9dit\u00e9 par le Collectif SAPIN. Ce fanzine est un essai sur les Pleurants des tombeaux des ducs de Bourgogne et sur le pli artistique.48 Pages, Noir &amp; Blanc sur papier cr\u00e8me Prix de vente du livre: 4\u20ac(pour vous le procurer, envoyez un mail \u00e0 collectif.sapin@gmail.com) Ou bien vous pouvez le t\u00e9l\u00e9charger,&hellip;<\/p>\n","protected":false},"author":1,"featured_media":1097,"template":"","rara_portfolio_categories":[39],"jetpack_sharing_enabled":true,"_links":{"self":[{"href":"https:\/\/theodestabeaux.com\/index.php?rest_route=\/wp\/v2\/rara-portfolio\/1095"}],"collection":[{"href":"https:\/\/theodestabeaux.com\/index.php?rest_route=\/wp\/v2\/rara-portfolio"}],"about":[{"href":"https:\/\/theodestabeaux.com\/index.php?rest_route=\/wp\/v2\/types\/rara-portfolio"}],"author":[{"embeddable":true,"href":"https:\/\/theodestabeaux.com\/index.php?rest_route=\/wp\/v2\/users\/1"}],"wp:featuredmedia":[{"embeddable":true,"href":"https:\/\/theodestabeaux.com\/index.php?rest_route=\/wp\/v2\/media\/1097"}],"wp:attachment":[{"href":"https:\/\/theodestabeaux.com\/index.php?rest_route=%2Fwp%2Fv2%2Fmedia&parent=1095"}],"wp:term":[{"taxonomy":"rara_portfolio_categories","embeddable":true,"href":"https:\/\/theodestabeaux.com\/index.php?rest_route=%2Fwp%2Fv2%2Frara_portfolio_categories&post=1095"}],"curies":[{"name":"wp","href":"https:\/\/api.w.org\/{rel}","templated":true}]}}

<figure class="wp-block-image size-full"><img decoding="async" loading="lazy" width="840" height="761" src="https://i0.wp.com/www.didesta.fr/theo/wp-content/uploads/2020/05/Gif-Pleurants.gif?resize=840%2C761&#038;ssl=1" alt="" class="wp-image-1096" data-recalc-dims="1"/></figure>



<p>Fanzine réalisé en 2019, édité par le <a href="http://collectifsapin.fr/">Collectif SAPIN</a>. Ce fanzine est un essai sur les Pleurants des tombeaux des ducs de Bourgogne et sur le pli artistique.<br><strong>48 Pages, Noir &amp; Blanc</strong> <strong>sur papier crème</strong></p>



<p>Prix de vente du livre: 4€<br>(pour vous le procurer, envoyez un mail à <a href="mailto:collectif.sapin@gmail.com">collectif.sapin@gmail.com</a>)</p>



<p>Ou bien vous pouvez le télécharger, auquel cas merci de respecter ces conditions:<br><strong>Attribution – Pas d’Utilisation Commerciale – Partage dans les Mêmes Conditions.</strong></p>



<div class="wp-block-file"><a href="https://www.didesta.fr/theo/wp-content/uploads/2020/05/Mise-en-page-Pleurants-final.pdf">PDF Téléchargeable</a><a href="https://www.didesta.fr/theo/wp-content/uploads/2020/05/Mise-en-page-Pleurants-final.pdf" class="wp-block-file__button" download>Télécharger</a></div>

<p>Fanzine réalisé en 2019, édité par le Collectif SAPIN. Ce fanzine est un essai sur les Pleurants des tombeaux des ducs de Bourgogne et sur le pli artistique.48 Pages, Noir &amp; Blanc sur papier crème Prix de vente du livre: 4€(pour vous le procurer, envoyez un mail à collectif.sapin@gmail.com) Ou bien vous pouvez le télécharger,&hellip;</p>
